 b(a) = a**3 + 5*a**2 - 2*a - 1 + 1 - 1. Suppose -n + 4*q - 3 = 2*n, 0 = -4*n - q - 23. What are the prime factors of b(n)?
3
Let y(f) be the first derivative of f**2/2 + 19*f - 2. Suppose 5*v - 15 = -55. List the prime factors of y(v).
11
Suppose -2*u + u = -1, 3*c + 4*u = -20. Let w = -4 - c. Suppose 9 = -3*z, 4*k = -0*z - w*z + 12. List the prime factors of k.
2, 3
Suppose 5*i - 83 - 167 = 0. List the prime factors of i.
2, 5
What are the prime factors of (-1)/3 + 20/(-12) - -8?
2, 3
Let a = 5 - 1. Suppose -p = 4*g - 12, 6 = p + 2*g - a. What are the prime factors of p?
2
Let o be -1 + 4*(-6)/(-2). Let v = o - 2. List the prime factors of v.
3
Suppose 5*v + 0 = 130. List the prime factors of v.
2, 13
Let b = -13 - -8. Let t(f) = -f**2 - 8*f + 6. What are the prime factors of t(b)?
3, 7
Suppose -3*q - 2*x = -23, 3*q - 2*x = 2*x + 17. Suppose -5*s + 24 = 2*l, q*s - 4*s + 8 = 2*l. Let c(z) = -z**2 + 9*z + 4. What are the prime factors of c(l)?
2, 3
Suppose -3*d + 3*l = -48, 2*l + 28 = d + 7. List the prime factors of d.
11
Let h = -82 + 127. List the prime factors of h.
3, 5
Let c(z) = 6*z**2 + 4*z + 4. Let o be c(-3). Suppose 0 = 2*l - o - 6. List the prime factors of l.
2, 13
Let h(a) be the first derivative of -5/2*a**2 - a + 2. What are the prime factors of h(-2)?
3
Suppose g - 69 + 21 = 0. List the prime factors of g.
2, 3
Suppose -4*w + 5*m + 141 = 0, -4*m = -2*w - 0*w + 78. Suppose w + 26 = 5*p. Suppose -5*i = -p - 4. List the prime factors of i.
3
What are the prime factors of (6 + (-15 - -5))*(-134)/8?
67
List the prime factors of 160/60*306/8.
2, 3, 17
Suppose 2*k - 14 + 2 = 0. Let g = 10 - k. Suppose 4*n - 34 = -f, 0*f + 22 = 3*f - g*n. List the prime factors of f.
2, 7
Suppose -s - m = 8, -m - 20 = 4*s - 3*m. Let o = -2 - s. Suppose -2*w = -4, 3*b + w + 7 = o*b. List the prime factors of b.
3
Suppose m + 3 = -2*j, m = -0*j - j - 6. Let a be 9/((-2)/((-48)/m)). Let k = -12 - a. List the prime factors of k.
2, 3
Suppose 17*v = 12*v + 65. List the prime factors of v.
13
Suppose -27*t = -29*t + 148. What are the prime factors of t?
2, 37
List the prime factors of ((-38)/3)/((-8)/12).
19
Suppose 120 = 2*o - 0. Suppose q = 2*q - o. Suppose 6*n = 2*n + q. List the prime factors of n.
3, 5
Suppose 0 = -f - 1 + 9. List the prime factors of f.
2
Suppose 3*v - 11 = -0*v + 2*y, 0 = -2*y - 2. Let t be 4 + -2 + v - 0. Let j(d) = d**3 - 6*d**2 + 6*d - 2. List the prime factors of j(t).
3
Suppose 3*o - 5*b = 0, o + b = -3*b. Let d = 3 - o. List the prime factors of d.
3
Suppose -10 = -5*m - 0*x + 2*x, -18 = -2*m - 2*x. Suppose -5*g - 20 = -3*v - 0, -m*g = -8. List the prime factors of v.
2, 5
Let l(m) = 3*m**2 - m - 3. Let z be l(3). Let x be ((-9)/4)/(z/(-56)). Suppose -x*p + 4*p + 34 = 0. List the prime factors of p.
17
Let q(m) = 5*m + 2. Let i(d) = 9*d + 4. Let c(n) = -4*i(n) + 9*q(n). Let v be c(2). What are the prime factors of ((-24)/(-10))/(6/v)?
2
Suppose 5*d + o + 41 = -41, 0 = -o - 2. Let a = d + 20. What are the prime factors of a?
2
Let a be 6/12 + (-1)/(-2). Suppose -t = a - 11. What are the prime factors of t?
2, 5
Suppose m = 5*m - 3*n + 7, -3*n = 3*m - 21. What are the prime factors of m?
2
Let f(q) = -q**3 - 6*q**2 - q - 4. Let h be f(-6). Suppose 4*c - 5*n - 9 = 0, -h*n = -2*c + 8 - 2. List the prime factors of c.
2, 3
Suppose 5*x - 8 - 17 = 0. Suppose 0 = 5*a + x*o - 98 + 23, -4*a + 84 = -4*o. List the prime factors of a.
2, 3
Let a(s) = -s**3 + 7*s**2 - 7*s + 6. Let y be a(4). Suppose -y = -2*x - 0*x. What are the prime factors of x?
13
Let q(o) = 2*o**2 - o - 1. Let h be q(-1). Suppose -4 = h*v - 58. List the prime factors of v.
3
Let v = 24 + 8. What are the prime factors of v?
2
List the prime factors of (1 + -4)/(-15) - 1377/(-15).
2, 23
Let b(x) = x**3 + x + 0 - x**2 + 2 + 2*x**2. Let v be b(0). Suppose 4*r = -q + 3, -3*q = -v*r - 3*r - 26. What are the prime factors of q?
7
Suppose 0*n - 6 = 2*n. What are the prime factors of (7/n)/(2/(-12))?
2, 7
Suppose 2 = -5*y - 18. What are the prime factors of 18/y*8/(-6)?
2, 3
Let i = 12 - 7. Suppose 147 = -i*u + 8*u. List the prime factors of u.
7
Suppose -2*z + 4 - 28 = 0. Suppose 0 = 3*x + 2*x + 20. What are the prime factors of 6/z + (-22)/x?
5
Suppose 3*h - 23 + 8 = 2*s, -4*h + 20 = 5*s. Let y = h + 2. What are the prime factors of (-4)/(-6) - y/(-3)?
3
Let y = 3 - -10. Suppose -2*d + 0*d + 3*d = 0. Suppose -j + y = -d. List the prime factors of j.
13
Let m(j) = 4*j - 6. Let y be m(6). Let s = -12 + y. Suppose -9*o = -s*o - 42. What are the prime factors of o?
2, 7
Suppose -3*o - 314 = -3*c - o, 3*c = 4*o + 316. Let u = c + -62. What are the prime factors of u?
2, 3, 7
Suppose 2*w = -w + 6. Suppose -17 = w*r - 49. List the prime factors of r.
2
Let j(y) = 2*y - 14. Let x = -28 + 54. Suppose -3*a + 13 = -x. What are the prime factors of j(a)?
2, 3
Suppose 0 = -5*t + 2*t. Suppose t*x = 3*x. Suppose x = -3*o + o + 14. What are the prime factors of o?
7
Let m(f) = 5*f**2 - f + 4. Let p be m(-3). Suppose 4*y - 8 = p. List the prime factors of y.
3, 5
Suppose 9 = 5*f - 21. Let h = -6 + f. Suppose h = 4*p - 2*p - 46. List the prime factors of p.
23
Let r = -49 - -89. What are the prime factors of r?
2, 5
Let a(v) = v**2 + 8*v - 13. List the prime factors of a(-11).
2, 5
Let p(f) = -30*f**3 + 3*f**2 - 2*f - 5. What are the prime factors of p(-2)?
251
Let g = 273 - 133. What are the prime factors of g?
2, 5, 7
Let t be (6*-3)/((-30)/100). Suppose 5*q - t = q. List the prime factors of (12/q)/(4/20).
2
Suppose 3*r - n = 179, -6*r + 242 = -2*r - 2*n. What are the prime factors of r?
2, 29
Let v be -9 + 4*4/(-8). Let c = v + 17. What are the prime factors of c?
2, 3
Suppose 2*z - 11 + 41 = 4*i, -4*i = 5*z - 23. Suppose 9*n - 28 = i*n. What are the prime factors of n?
2, 7
Let b = -4 + 8. Let c be 7/b - 3/(-12). What are the prime factors of 2/4 - (-37)/c?
19
Let b(n) = -18*n - 62. What are the prime factors of b(-14)?
2, 5, 19
Let g = -21 - -9. List the prime factors of (-2 - -6)*(-9)/g.
3
Suppose -6*d + 279 = 3*d. What are the prime factors of d?
31
Let j(y) = y**2 - 10*y + 9. Let v be j(8). Let g = 6 - v. What are the prime factors of g?
13
Let n = -18 - -20. Suppose -4*a + 7*q + 82 = n*q, 5*a + 2*q = 86. What are the prime factors of a?
2, 3
Let i be -12*(24/(-9) + 2). Suppose -4*f + 5*k = i, -29 = -3*f - 0*k - 5*k. Let s(c) = -c**3 + 3*c**2 + 2*c - 1. What are the prime factors of s(f)?
5
Let u be (-2 - -1)*(-5 + 3). Suppose 0 = -u*q + 2*t + 48, -6 - 19 = -q + 2*t. List the prime factors of q.
23
Let n = 53 - 27. What are the prime factors of n?
2, 13
Let x(l) = l**3 + 5*l**2 + 7. Suppose 2*s = 3*b - 10, b + 2*b = 0. Let t be x(s). Let g = -3 + t. What are the prime factors of g?
2
Let x = 17 - 3. Suppose u - x = 17. What are the prime factors of u?
31
Suppose 0 = 4*c - 85 - 147. What are the prime factors of c?
2, 29
Let p(n) = 2*n - 12. Let h = -29 + 41. What are the prime factors of p(h)?
2, 3
Let m(h) = 57*h**2 + 5 + h - 4 - 56*h**2. What are the prime factors of m(3)?
13
Suppose 25 = 2*h + 3*h. Suppose -4*m = -16, -2*m = -h*g + g. List the prime factors of g.
2
Let f(m) = 10*m. Let h be f(-1). What are the prime factors of (-48)/h + (-3)/(-15)?
5
Suppose 8*c + 9 = 689. List the prime factors of c.
5, 17
Let w be 1 + (18*-2)/2. Let x = w - -33. Suppose -6*g - t = -2*g - 23, -2*t + x = 3*g. List the prime factors of g.
2, 3
Suppose -2*c + 159 = -537. List the prime factors of c.
2, 3, 29
Let n(y) = y**3 + 6*y**2 + 5*y + 4. Let i be n(-5). Suppose -5 = -q, 0*q + 2*q = -5*w + 10. Suppose -3*z + i*z - 3 = w. List the prime factors of z.
3
Let y = -6 + 11. Suppose -2*f - y*t + 0 = -2, 4*t = -5*f + 22. What are the prime factors of f?
2, 3
Let d = 9 - 10. Let s be (1/3)/(d/(-3)). List the prime factors of s/(3/(-9)) + 21.
2, 3
Let o = 56 - 24. What are the prime factors of ((-3)/(-6))/(4/o)?
2
Suppose 0 = 2*u - u - 3. List the prime factors of u + -1 - 0 - -4.
2, 3
Suppose 4*y = 3*y + 5*o + 42, 2*o + 132 = 4*y. Suppose 9 + y = 3*x - z, 2*z = -x + 9. List the prime factors of x.
13
Let m(p) = -p**3 + 6*p**2 - 4*p + 4. Let i be m(5). Let s = -2 + i. What are the prime factors of s?
7
Suppose -3*n = 2*v - 84, 0 = -0*n + 3*n - 12. List the prime factors of v.
2, 3
Suppose -2*s - 26 = 